.
40
Let j(s) = -s**3 + 6*s**2 + 22*s + 4. Let z be j(5). Let w = z - -26. Calculate the greatest common divisor of 110 and w.
55
Let l be 152 + -20 + (140/168 - (-5)/(-6)). Calculate the greatest common divisor of 9372 and l.
132
Let h = -209 - -218. Suppose -195 = -h*v + 1785. What is the greatest common divisor of v and 44?
44
Let l be (448/21)/(-8)*87/(-2). Suppose -8*a + 84 = -a. What is the highest common divisor of a and l?
4
Suppose -455 = i - 453, -4*y = 4*i - 45640. Calculate the greatest common divisor of y and 36.
36
Let f(x) = 121*x - 15534. Let v be f(135). What is the greatest common divisor of v and 1869?
267
Suppose 0 = 367*f - 133*f - 194220. What is the greatest common divisor of 747 and f?
83
Let l = 8168 - 8164. What is the highest common divisor of l and 412?
4
Let h = 1092 - 1032. What is the greatest common divisor of h and 230?
10
Let t = 15227 + -9548. What is the highest common factor of 9 and t?
9
Let h = 528 + -304. Let f be 16/28*28/(-40)*(-5 - 415). What is the highest common factor of f and h?
56
Let d(t) = -t**3 + 11*t**2 + 11*t - 21. Let p be d(10). Let o be 0 - -22 - (-6)/4*126/(-189). What is the highest common factor of p and o?
21
Suppose -5*o - 3*s + 193903 = 0, 0*o + 4*o = -4*s + 155124. Calculate the highest common factor of o and 20.
20
Let h(p) = p**3 - 74*p**2 - 139*p + 122. Let c be h(76). What is the highest common factor of c and 60?
30
Suppose -3*a = -2*a - 68. Suppose 1262*w - 1243*w - 7106 = 0. Calculate the highest common divisor of a and w.
34
Let k = -42 - -46. Let d be 69*((2 - k) + 3). Calculate the highest common factor of 23 and d.
23
Let j(r) = 138*r**2 + r + 1. Let p be j(2). Let f = -68980 - -68995. What is the highest common factor of f and p?
15
Let a(o) = 24 - 8*o - 86 + 20*o**2 + 30 + 16. Let d be a(-2). What is the greatest common factor of 80 and d?
80
Suppose 0 = 203*y - 213*y + 180. Let p(o) = o**2 - 19*o + 32. Let u be p(y). What is the highest common divisor of 112 and u?
14
Suppose 0 = -f + 228 - 5. Suppose c - 84 = 3*v, c - 5*v + f = 3*c. Let u(n) = 7*n**2 + 41*n + 3. Let b be u(-6). What is the highest common divisor of c and b?
9
Let m be (-15)/(-40) + (-6 - 70542/(-48)). What is the highest common factor of m and 72?
24
Let r = 110 + -91. Suppose -2 + 4 = -5*g + 3*t, -2*g - 5*t + 24 = 0. Suppose g*w + 3*w - 190 = 0. Calculate the highest common divisor of r and w.
19
Suppose -4*g = 3*j + 1400, 4*g - j + 319 = -1065. Let o = -177 - g. What is the greatest common divisor of o and 10?
10
Suppose 0 = -39*g + 41*g - 44. Let h = 37 - g. Calculate the highest common factor of 255 and h.
15
Let c(l) = -6*l + 194. Let t be c(0). Let j = 294 - t. What is the greatest common factor of 40 and j?
20
Suppose -2*i = -212 + 30. Let p(x) = -x**2 + 88*x - 968. Let t be p(13). What is the highest common factor of i and t?
7
Let r = 11 + 7. Suppose 0 = m + r - 45. Calculate the highest common divisor of 63 and m.
9
Let d = 4373 - -1147. Calculate the greatest common divisor of 210 and d.
30
Let b = 3117 - 916. Calculate the highest common factor of b and 213.
71
Let v(l) = l**3 + 9*l**2 + 5*l - 15. Let i be v(-8). Let w be (-11)/i*-15*(-24)/(-20). What is the highest common divisor of w and 55?
11
Let i(n) = 2*n**2 + 87*n - 9. Let l be i(-45). Suppose -11*w + 4*w = -98. What is the greatest common factor of l and w?
14
Let z(h) = -23*h**3 - 6*h - 5. Suppose 3*g - 12 = 0, -25 = 5*o - g - 4*g. Let y be z(o). Calculate the greatest common divisor of y and 168.
24
Suppose -s - 2*s = -4*y - 6, -6 = -3*s + 5*y. Suppose 1080 = -5*b + 3*a, 0*b = b - s*a + 223. Let g = 341 + b. Calculate the greatest common factor of 32 and g.
32
Suppose -36 = -2*y + 5*y. Let o be ((-9)/y - 0)/(3/8). Let c be (0 - (-316)/8) + 1/o. Calculate the highest common divisor of 10 and c.
10
Let d be (9/(-24))/((-153)/649944). Calculate the greatest common factor of 162 and d.
27
Suppose 408*w - 401*w = 14. Suppose -w*o = -3*d - 117, -3*d = 3*o - d - 208. What is the greatest common factor of o and 176?
22
Let g be (-93)/7 - 32/(-112). Let u = g - -269. Calculate the highest common divisor of u and 32.
32
Let d be 800/28 + (-160)/(-112). What is the greatest common divisor of 1110 and d?
30
Suppose -6*c - 253 = -73. Let u be 28*(-112)/120 + (-4)/c. Let x = 33 + u. What is the highest common divisor of 56 and x?
7
Let k(u) = 12*u**2 - 6*u + 6. Let g be k(2). Suppose -g*c = -35*c - 2079. Calculate the highest common factor of c and 81.
27
Suppose -30 = -3*u - 0*j + 3*j, 5*u = -2*j + 57. Let z be ((-70)/42)/(50/60). Let a = u - z. What is the greatest common divisor of 26 and a?
13
Let x(s) = 61*s - 2276. Let h be x(38). What is the highest common divisor of h and 497?
7
Let p be -7 + (54 - 9/(-3)). Let m be (-14)/77 - 3304/(-22). What is the greatest common factor of p and m?
50
Let c = -200 + 275. Suppose -c - 33 = -4*b. Calculate the highest common factor of 36 and b.
9
Suppose -2*y + 12374 = 3260. What is the greatest common divisor of 294 and y?
147
Let u be (-5)/(-3) + (-11)/(363/(-12485)). Calculate the highest common factor of 6365 and u.
95
Suppose -37*k + 1000 - 299 = -520. Calculate the greatest common factor of k and 869.
11
Let n(j) = -j**3 - 109*j**2 - 736*j - 60. Let b be n(-102). What is the highest common divisor of 14 and b?
14
Suppose -3*k + 8 = 5. Let j be k/11*-2 + (-422)/(-22). Suppose 0*c + 152 = 2*c. Calculate the highest common divisor of c and j.
19
Let g be (-923)/5 - 48/120. Let h = g + 323. What is the greatest common factor of 368 and h?
46
Suppose 48*h + 1832 = 52*h + 2*d, 4*d = -3*h + 1389. Calculate the highest common factor of h and 385.
35
Suppose -5*n = 14*n - 7885. Let r = n - 395. What is the highest common factor of r and 8?
4
Let g = -22458 + 23308. What is the greatest common factor of 2650 and g?
50
Let w = 156 - 317. Let x = -149 - w. Calculate the highest common factor of 3 and x.
3
Let s be (-3 - 4167/(-57)) + 4/(-38). Let r(f) = 3*f**2 + 11*f + 6. Let a be r(-6). Let z be 684/a - 2/8. What is the highest common divisor of z and s?
14
Let s be (-5)/(-5) + (-5 - 1). Let h be 16 - s - (0 - -6). What is the greatest common divisor of 35 and h?
5
Let r(v) = -5*v - 187. Let x be r(-18). Let w = x - -123. Calculate the greatest common divisor of w and 377.
13
Suppose -208 - 71 = -9*x. Let g(a) = 3*a - 75. Let j be g(x). What is the greatest common factor of 54 and j?
18
Suppose -n - 56*i = -54*i - 16, 3*i = -n + 17. Let o = -23 + 37. Calculate the highest common divisor of o and n.
14
Let d = -370 + 418. Let a be 5 - 3 - (-2 - -4). Suppose 4 = -a*j + j. What is the highest common factor of d and j?
4
Let s(q) = 10*q**2 - 8*q + 10. Let r be s(4). Let l = -125 + r. Calculate the greatest common divisor of l and 299.
13
Let m be 22/(((-8)/4)/(-8)). What is the greatest common divisor of m and 552?
8
Let r = 616 + -588. Suppose 15*d - 662 - 283 = 0. Calculate the greatest common divisor of r and d.
7
Let y = 4681 + -4671. Let v be 2/(-6)*-3 - -1. Suppose -1 + 101 = v*k. Calculate the highest common factor of k and y.
10
Suppose -116*p + 42920 = 464*p. Calculate the greatest common divisor of 20942 and p.
74
Let r = 8458 - 7698. What is the greatest common divisor of 3990 and r?
190
Let s be (2 - 5/2) + 910/28. Suppose 0 = -m - 24 + s. Suppose 5*y = 0, -3*y = 3*r + r - 96. What is the greatest common factor of r and m?
8
Let o = 4588 - 4539. What is the greatest common factor of 61 and o?
1
Let t(d) = -87*d + 725. Let a be t(-25). What is the highest common divisor of 100 and a?
100
Let a be 162/189 + (-99714)/(-42). Calculate the greatest common divisor of a and 95.
95
Let a be (-4 - (0 - 5))*24. Suppose -4*n + 219 = 4*p - 149, -2*p + 2 = 0. Let q be n/14 - 1/2. What is the greatest common divisor of a and q?
6
Let x be 2272/12 + 4/6. Let c(t) = -3*t + 12. Let z be c(-12). Let a be (-1)/(-8) - (-474)/z. Calculate the greatest common factor of a and x.
10
Let l be (250/(-20) + 9)*60/(-70) + 132. Let a = -33 + 123. What is the highest common divisor of a and l?
45
Let s = 4797 + -4763. Calculate the greatest common divisor of 40 and s.
2
Suppose 16*n - 21*n + 130 = 0. Let c = 17 - -178. Suppose 3*h - 6*h + c = 0. What is the greatest common divisor of n and h?
13
Let d(j) = -j**3 + 10*j**2